2c5c8 + -16b?
2c45c
In base 7, what is -5446 - -1322?
-4124
In base 2, what is 1100100110010110110001 + 10111110?
1100100110011001101111
In base 9, what is 40533 + 2807?
43441
In base 9, what is -213 + -328813?
-330126
In base 9, what is 4074525 - -3?
4074528
In base 4, what is -1 + 1222313310332?
1222313310331
In base 7, what is -1220002 + -10006?
-1230011
In base 11, what is 218047 + -24?
218023
In base 15, what is -5 - 2d960c?
-2d9612
In base 3, what is 200110 + 2012101112202?
2012102020012
In base 9, what is -23252 + 335?
-22816
In base 14, what is a + 59a72a?
59a736
In base 16, what is 18788 + -108?
18680
In base 2, what is 110001 - 10100001101010100010?
-10100001101001110001
In base 2, what is -1100011110011110 + -110111010000?
-1101010101101110
In base 16, what is de8e + -4ed?
d9a1
In base 4, what is 103103323 + 203103?
103313032
In base 14, what is 1a7bc69 + 5?
1a7bc70
In base 7, what is 21643461 + 2?
21643463
In base 5, what is 22 + -3333300322?
-3333300300
In base 5, what is -231434 + -14011?
-301000
In base 14, what is -abb24 + 1?
-abb23
In base 8, what is -7436100 - -110?
-7435770
In base 2, what is -11110010100 + 100000011010?
10000110
In base 16, what is 2 - a69d39?
-a69d37
In base 2, what is -10100101001100 - 110100000?
-10101011101100
In base 9, what is -76 - 163045?
-163132
In base 3, what is 210111000110102011 - 2?
210111000110102002
In base 14, what is 3234 - -226?
345a
In base 8, what is -1153702 + -411?
-1154313
In base 7, what is -1646 + -115553?
-120532
In base 8, what is -1335 + 67177?
65642
In base 14, what is 700873 + -b?
700866
In base 9, what is -1003347 - 857?
-1004315
In base 15, what is -10 + -c17760?
-c17770
In base 6, what is 14 + 103503332?
103503350
In base 3, what is 0 - 12010011000210?
-12010011000210
In base 4, what is -21120302022 + -10013?
-21120312101
In base 13, what is 13 - -129a8b9?
129a8cc
In base 5, what is -14240034203 - -34?
-14240034114
In base 6, what is 523205 - -2310?
525515
In base 2, what is -11 + 1000001011110000101011011111?
1000001011110000101011011100
In base 10, what is 8 - 1233765?
-1233757
In base 3, what is 1210100101 + -2101211?
1200221120
In base 12, what is 233a7 - -173?
2355a
In base 5, what is -211421 - -3123223?
2411302
In base 12, what is -a815 - -1948?
-8a89
In base 8, what is 1316306 - -1014?
1317322
In base 9, what is -5 + -337730878?
-337730884
In base 5, what is -1 + -20131030244?
-20131030300
In base 6, what is 2 - -1333333402?
1333333404
In base 11, what is -4765177 + -1?
-4765178
In base 3, what is -1012220201011111212 - -2?
-1012220201011111210
In base 9, what is 322 + -1324332?
-1324010
In base 5, what is -3023420 + 1413404?
-1110011
In base 6, what is -430102334 - -3?
-430102331
In base 7, what is -2 - 130456661?
-130456663
In base 11, what is a + -8558533?
-8558524
In base 16, what is 6d28bc - 78?
6d2844
In base 14, what is -4747 - -3519?
-122c
In base 16, what is d30 + -8a46?
-7d16
In base 16, what is 406e + 15d?
41cb
In base 16, what is 345d - -9275?
c6d2
In base 7, what is 1441110 - -22?
1441132
In base 10, what is 47 - -307037?
307084
In base 11, what is 272 + 60a89?
61250
In base 2, what is 100011011 - 1010010111001101?
-1010010010110010
In base 4, what is 3 - -31132212120?
31132212123
In base 7, what is -3415135 - -352?
-3414453
In base 5, what is 2 - -12140311003?
12140311010
In base 11, what is 4 - 18a53a43?
-18a53a3a
In base 12, what is -147 + -21143?
-2128a
In base 5, what is -22403001 + 342?
-22402104
In base 15, what is -1deac - 1e?
-1decb
In base 3, what is 212 + 212102212002?
212102212221
In base 11, what is 5625 - aa04?
-538a
In base 5, what is 1 - 12112014013?
-12112014012
In base 7, what is 10 - -342452?
342462
In base 14, what is -1078 + 9537?
849d
In base 13, what is -7 - -c1381b?
c13814
In base 6, what is 11 - -320335143?
320335154
In base 3, what is -1002 - 21220120012?
-21220121021
In base 8, what is -2 - 200434304?
-200434306
In base 12, what is 202491 - -18?
2024a9
In base 16, what is -d6efc4 - b?
-d6efcf
In base 4, what is -30030023311132 - 3?
-30030023311201
In base 2, what is -11001101100 - 100000000111001?
-100011010100101
In base 15, what is 344 + -86e08?
-86ab4
In base 4, what is 22223101 - 23010?
22200031
In base 12, what is -3b5615 - -10?
-3b5605
In base 15, what is -971 + bbb9?
b248
In base 4, what is -121001331310 + 30?
-121001331220
In base 9, what is -1814243 - -11?
-1814232
In base 15, what is c08 + 12284?
12e8c
In base 7, what is 16151 + 53010?
102161
In base 13, what is -3a286 + -16c4?
-3b97a
In base 4, what is 11 - -21221320223?
21221320300
In base 11, what is 9793 + -191?
9602
In base 14, what is d0bbc89 + 5?
d0bbc90
In base 10, what is 1266 + -2406?
-1140
In base 7, what is 61334654 + -2?
61334652
In base 7, what is -24 - 40656452?
-40656506
In base 12, what is 142130 - -423?
142553
In base 2, what is 10 + -110001111111011110110?
-110001111111011110100
In base 14, what is 5d - -52956?
529b5
In base 14, what is db8c0 - -1?
db8c1
In base 16, what is -2799fd4 + 6?
-2799fce
In base 8, what is -1577 - 507164?
-510763
In base 5, what is -112 - 20300002014?
-20300002131
In base 4, what is 13 - -10102200321?
10102201000
In base 3, what is -12122110111011 + 1121?
-12122110102120
In base 4, what is 222130032 + 132?
222130230
In base 15, what is 70 - 221d5?
-22165
In base 16, what is 28fb - 105?
27f6
In base 3, what is -2120101000220022 - 20?
-2120101000220112
In base 4, what is 10 - 10023011131230?
-10023011131220
In base 7, what is -2 + -25143513?
-25143515
In base 6, what is 13102 + 1202352?
1215454
In base 10, what is -357368 - 13?
-357381
In base 2, what is -1001111010100010101100 + 10110?
-1001111010100010010110
In base 15, what is -1 + -63913?
-63914
In base 11, what is -a1876 - 1368?
-a3133
In base 11, what is -5 - 24559a96?
-24559aa0
In base 14, what is -1a69d51d - 4?
-1a69d523
In base 3, what is -20 + -1120211020200?
-1120211020220
In base 14, what is 1c54161 + 4?
1c54165
In base 5, what is 4 + -22114224102?
-22114224043
In base 16, what is -1c1 - -dc241?
dc080
In base 10, what is 239107 + 105?
239212
In base 6, what is -10111020 + 20?
-10111000
In base 7, what is -4 + -33352420?
-33352424
In base 12, what is 0 - -541b191?
541b191
In base 16, what is 152ba + 3e?
152f8
In base 11, what is -35 + 1520549?
1520514
In base 2, what is 0 - -1000010010000111101011100?
1000010010000111101011100
In base 8, what is -110 - -6016012?
6015702
In base 8, what is 251575 - 113?
251462
In base 2, what is 1101011101111 - -100101110001011?
110011001111010
In base 6, what is 110404210042 + 4?
110404210050
In base 9, what is -1 + 60438467?
60438466
In base 16, what is -5bb - -a942?
a387
In base 9, what is -230337 - -1151?
-228176
In base 9, what is -362184 - 4524?
-366718
In base 13, what is -895a91 + -8?
-895a99
In base 12, what is 23 - 1414671?
-141464a
In base 14, what is -37 + -472757?
-472790
In base 10, what is 6 + 2378624?
2378630
In base 3, what is -101120101201 - -120?
-101120101011
In base 12, what is 101b5 - -10bb?
112b4
In base 16, what is -1551 - -355?
-11fc
In base 13, what is 2 + -13a1501?
-13a14cc
In base 12, what is 4 - 5171046?
-5171042
In base 3, what is -211220022 - 11221101?
-1000211200
In base 12, what is 67 + -72a13?
-72968
In base 8, what is -20241 - -13727?
-4312
In base 8, what is 2154 + -5246?
-3072
In base 13, what is -2747b5 + 3?
-2747b2
In base 8, what is -17261 - 15320?
-34601
In base 8, what is 11 - 12300517?
-12300506
In base 6, what is 2451 + 1205304?
1212155
In base 11, what is -4a058684 + -7?
-4a058690
In base 12, what is 1576a - 1585?
141a5
In base 11, what is 2240175 - -6?
2240180
In base 13, what is -153bc + 12c7?
-140c5
In base 7, what is -10254015 + -6?
-10254024
In base 3, what is 110211022100 - -12?
110211022112
In base 7, what is 2065423 + -4?
2065416
In base 12, what is -54b2 + -33a5?
-8897
In base 15, what is 116b - -48a?
1606
In base 10, what is 8758074 + 58?
8758132
In base 6, what is -3343 + -543254?
-551041
In base 12, what is -23 - -104b11?
104aaa
In base 8, what is -31503 + -3?
-31506
In base 11, what is 4 - -16884891?
16884895
In base 6, what is 524 - 1235303?
-1234335
In base 14, what is 861c03 + 5?
861c08
In base 9, what is 703 + 2753116?
2753820
In base 5, what is -2304434 + 20132?
-22